t c(x) = -x**2 - 66*x + 3538. Calculate c(35).
3
Let p(a) = a**2 - 12*a - 655. Give p(-20).
-15
Let s(h) = h**2 - 445*h + 16559. Determine s(41).
-5
Let o(n) = 490*n + 147. Determine o(-1).
-343
Let m(w) = 3*w**3 - 18*w**2 + 130*w - 1069. Calculate m(7).
-12
Let l(t) = 3*t**2 + 55*t - 39. Determine l(-19).
-1
Let w(z) = -2*z**3 + 16*z**2 + 41*z - 202. Give w(9).
5
Let y(g) = -4*g**2 - 7*g + 43. Give y(4).
-49
Let v(q) = -38*q - 4677. Determine v(-124).
35
Let p(m) = 51*m - 381. Calculate p(5).
-126
Let t(p) = -2*p**3 - 189*p**2 - 114*p - 1882. Determine t(-94).
-2
Let a(x) = -2*x**3 - 69*x**2 + 36*x + 39. Calculate a(-35).
4
Let r(c) = -185*c - 67. Calculate r(-1).
118
Let c(g) = g**2 + 180*g - 21135. Calculate c(81).
6
Let l(a) = 2*a**3 + 30*a**2 - 71*a - 68. Calculate l(-17).
-17
Let q(t) = -5*t**2 + 4*t + 46. Determine q(4).
-18
Let n(d) = d**3 - 19*d**2 - 8*d + 20. Calculate n(19).
-132
Let z(f) = -9*f - 348. Calculate z(-37).
-15
Let v(q) = -689*q + 8. Calculate v(0).
8
Let o(v) = -v**3 - 18*v**2 - 51*v + 101. Determine o(-6).
-25
Let h(l) = -14965*l - 74826. Give h(-5).
-1
Let l(a) = 8*a**2 + 21*a - 56. Determine l(3).
79
Let d(n) = -2*n**3 + n**2 - 6*n - 138. Calculate d(0).
-138
Let k(r) = 57*r - 6. What is k(1)?
51
Let m(d) = -d**3 + 65*d**2 - 67*d + 192. What is m(64)?
0
Let r(i) = i**2 + 42*i - 460. Determine r(9).
-1
Let g(d) = -4*d**2 - 3. Give g(5).
-103
Let r(o) = 62*o + 26. What is r(4)?
274
Let v(s) = -180*s - 542. Give v(-3).
-2
Let q(a) = -4*a**3 + 15*a**2 - 79*a + 346. Calculate q(4).
14
Let t(u) = 2*u**2 - 23*u - 38. Calculate t(13).
1
Let k(h) = 5*h**2 - 96*h - 333. What is k(-3)?
0
Let q(f) = -f**3 + 89*f**2 + 74*f + 1446. What is q(90)?
6
Let j(o) = o**3 - 43*o**2 + 61*o + 858. What is j(41)?
-3
Let w(n) = -4*n**2 - 4*n + 20. What is w(0)?
20
Let y(u) = 3*u**2 + 98*u - 200. Give y(-34).
-64
Let x(n) = -n**2 + 2202*n - 39317. What is x(18)?
-5
Let w(g) = -g**2 - 168*g - 655. Calculate w(-4).
1
Let d(k) = 7*k**3 - 8*k**2 + 5*k + 3. Give d(1).
7
Let n(v) = 2*v**2 + 238*v - 8235. Determine n(28).
-3
Let a(m) = -6*m - 3. Calculate a(-69).
411
Let x(z) = -z**2 - z - 83. Calculate x(-13).
-239
Let v(t) = -2*t**3 + 14*t**2 - 36*t + 99. Calculate v(9).
-549
Let m(c) = -16*c**3 + 2*c**2 + 2*c - 1. What is m(-2)?
131
Let b(t) = -t**3 - 4*t**2 + 15*t + 15. Give b(-6).
-3
Let t(x) = -x**2 + 47*x + 939. Give t(-13).
159
Let r(j) = -j**2 - 41*j + 566. Give r(-47).
284
Let l(v) = 4*v**3 - 393*v**2 - 295*v - 216. What is l(99)?
-18
Let z(r) = -r**3 + 33*r**2 + 103*r + 231. Determine z(36).
51
Let h(m) = m**3 - 7*m**2 + 825*m - 7570. Give h(9).
17
Let p(l) = 46*l - 503. Determine p(12).
49
Let k(q) = -q**2 - 23*q + 254. Calculate k(0).
254
Let n(d) = 7*d + 132. What is n(-20)?
-8
Let k(n) = -3*n**2 + 41*n - 300. Determine k(6).
-162
Let r(j) = -951*j - 832. Determine r(-1).
119
Let i(p) = 911*p - 16403. Determine i(18).
-5
Let i(k) = 137*k + 651. Calculate i(-5).
-34
Let m(x) = x**3 + 6*x**2 - 15*x - 32. Calculate m(-6).
58
Let n(j) = -14*j + 62. Give n(6).
-22
Let d(x) = -8*x**3 + 74*x**2 - 46*x + 247. Determine d(9).
-5
Let g(o) = 2*o**3 - 60*o**2 + 3*o - 94. Determine g(30).
-4
Let m(o) = 2*o**3 - 5*o**2 - 23*o - 4. Give m(5).
6
Let z(q) = 2*q**3 - 66*q**2 + 365*q - 4. Give z(26).
22
Let b(s) = -12*s**2 - 204*s - 8. What is b(-17)?
-8
Let k(w) = -w**3 - 17*w**2 - 43*w - 18. Calculate k(-14).
-4
Let y(w) = 69*w - 42. Give y(3).
165
Let p(i) = i**2 + 22*i - 2. Determine p(-11).
-123
Let b(a) = -a**3 - 8*a**2 + 9*a - 4. Determine b(-9).
-4
Let h(i) = -i**3 - 12*i**2 - 336*i - 3559. Calculate h(-11).
16
Let j(c) = -22*c - 486. Give j(-23).
20
Let y(b) = 11*b**3 + 98*b**2 - 20*b - 83. What is y(-9)?
16
Let v(g) = -115*g + 768. What is v(7)?
-37
Let b(q) = -71*q - 1274. Give b(-18).
4
Let b(g) = -5*g**2 + 765*g - 10353. Give b(138).
-3
Let x(t) = t**3 + 2*t**2 - 69*t + 141. What is x(5)?
-29
Let c(h) = 331*h**2 - 3957*h - 178. Give c(12).
2
Let k(f) = 172*f - 7700. What is k(44)?
-132
Let v(q) = 2*q**2 + 61*q + 292. Give v(-6).
-2
Let z(w) = -27*w**2 + 544*w - 81. Calculate z(20).
-1
Let m(k) = 74*k**2 + 359*k - 38. What is m(-5)?
17
Let k(l) = -l**3 + 5*l**2 - 2*l - 24. What is k(5)?
-34
Let s(i) = -2460*i + 39386. What is s(16)?
26
Let q(j) = j**2 - 1067*j - 5345. Determine q(-5).
15
Let r(i) = -i**3 - 23*i**2 + 53*i - 17. What is r(-25)?
-92
Let p(u) = u**2 + 109*u - 1419. Give p(11).
-99
Let h(x) = -36*x + 4464. What is h(124)?
0
Let u(p) = p**2 - 18*p - 12. Determine u(6).
-84
Let r(z) = -2*z**2 + 22*z + 37. What is r(0)?
37
Let z(q) = -q**2 - 26*q - 153. What is z(-21)?
-48
Let d(x) = -2*x**2 - 156*x + 333. Calculate d(-80).
13
Let q(y) = y**3 + 20*y**2 - 34*y - 283. What is q(-21)?
-10
Let z(o) = 67*o - 1643. Calculate z(25).
32
Let v(x) = 31*x**3 - 2*x**2 - 10*x - 12. Determine v(-3).
-837
Let h(z) = -z**3 - 31*z**2 + 29*z - 98. Calculate h(-32).
-2
Let o(x) = x**3 - 14*x**2 - 36*x + 77. Determine o(16).
13
Let d(n) = 8*n**2 + 34*n + 38. Determine d(-3).
8
Let k(u) = -2*u**3 + 109*u**2 + 55*u + 8. Give k(55).
8
Let n(u) = -8*u**2 + 441*u - 51. Give n(55).
4
Let a(s) = -32*s - 1082. Determine a(-37).
102
Let p(k) = -45*k + 5630. Give p(125).
5
Let d(f) = f**2 + 104*f + 1019. What is d(-11)?
-4
Let q(a) = -a**2 - 268*a - 13986. Calculate q(-71).
1
Let i(b) = -4153*b + 78917. What is i(19)?
10
Let h(w) = w**3 + 13*w**2 + 42*w + 24. Calculate h(-4).
0
Let g(v) = v**2 - 193*v - 11858. Give g(-49).
0
Let l(f) = -f**3 + 6*f**2 - 9*f - 21. What is l(-5)?
299
Let x(b) = -b**3 - 21*b**2 - 86*b + 35. Determine x(-6).
11
Let w(x) = -16*x + 610. What is w(31)?
114
Let x(b) = -b**3 - 51*b**2 - 97*b + 123. What is x(-49)?
74
Let x(s) = s**3 + 35*s**2 + 279*s - 148. Give x(-22).
6
Let r(o) = -9*o**2 - 143*o + 114. Calculate r(-17).
-56
Let y(r) = -35*r**2 + 246*r + 10. Give y(7).
17
Let s(f) = 960*f + 8643. What is s(-9)?
3
Let d(a) = -4*a**3 - 73*a**2 - 19*a - 22. Determine d(-18).
-4
Let m(u) = u**3 - 16*u**2 - 86*u + 58. Give m(20).
-62
Let n(a) = -a**3 + 3*a**2 - 8*a + 18. Determine n(4).
-30
Let d(m) = 7*m**3 - 32*m**2 - 3*m - 62. Determine d(5).
-2
Let z(p) = -p**3 - 17*p**2 + 37*p + 13. Determine z(-19).
32
Let w(l) = 450*l - 4060. Give w(9).
-10
Let g(z) = -z**2 + 46*z - 371. Calculate g(35).
14
Let f(m) = -89*m - 1514. Give f(-18).
88
Let r(v) = -2*v**3 - 11*v**2 + 6*v + 24. Give r(-6).
24
Let y(s) = 2*s**2 + 206*s + 230. Calculate y(-102).
26
Let y(m) = -m - 195. What is y(-6)?
-189
Let j(d) = -d**3 - 17*d**2 - 59*d + 28. What is j(-13)?
119
Let o(f) = 39*f - 983. Determine o(-4).
-1139
Let u(v) = -v**3 - 2*v**2 - 7*v - 478. Calculate u(0).
-478
Let t(f) = -250*f - 42. Give t(1).
-292
Let l(z) = 4708*z - 65888. What is l(14)?
24
Let x(b) = -7*b**2 + 434*b + 408. What is x(63)?
-33
Let n(y) = 5*y + 191. Calculate n(-25).
66
Let o(h) = -h**2 + 38*h - 345. Determine o(23).
0
Let r(b) = -69*b - 751. What is r(-11)?
8
Let m(t) = -1404*t - 46332. What is m(-33)?
0
Let w(m) = m**2 + 16*m - 1777. Determine w(35).
8
Let f(u) = 4*u**2 - 112*u - 25. Calculate f(0).
-25
Let v(z) = 5*z**2 + 19*z - 55. What is v(4)?
101
Let a(j) = 437*j - 6107. Calculate a(14).
11
Let d(h) = h**3 - 96*h**2 + 363*h + 414. What is d(92)?
-46
Let k(l) = -81*l - 3. Give k(0).
-3
Let g(m) = -m**3 - 13*m**2 + 5*m - 26. Give g(-12).
-230
Let w(f) = -8*f + 69. What is w(22)?
-107
Let m(g) = -g**3 + 40*g**2 + 8*g - 298. Give m(40).
22
Let r(w) = 5*w + 47. What is r(18)?
137
Let k(l) = -48*l + 176. What is k(2)?
80
Let p(w) = -389*w + 4658. What is p(12)?
-10
Let a(z) = 36*z**3 - z**2 - 16*z - 19. Calculate a(-2).
-279
Let k(v) = 435*v - 3065. Determine k(7).
-20
Let z(b) = -2*b**2 + 41*b + 638. Give z(-12).
-142
Let g(v) = -106*v - 2534. What is g(-24)?
10
Let p(d) = d**2 + 26*d + 21. What is p(-16)?
-139
Let g(h) = -15*h**2 - 282*h - 182. What is g(-18)?
34
Let m(k) = 2*k**3 - 61*k**2 - 236*k - 57. Determine m(34).
11
Let w(y) = -23*y - 97. Determine w(-21).
386
Let n(g) = -g**3 + 89*g**2 - 3*g - 18. Calculate n(89).
-285
Let v(t) = 2*t**3 - 54*t**2 + 24*t + 732. Determine v(26).
4
Let h(o) = -o**3 - 39*o**2 - 48*o - 820. Calculate h(-38).
-440
Let r(s) = 5*s**3 - 8*s**2 + s - 73. Calculate r(-5).
-903
Let p(l) = -2*l**2 - 35*l - 167. Give p(-18).
-185
Let r(h) = 2*h**2 +